{"id":16,"date":"2021-03-25T21:17:46","date_gmt":"2021-03-25T21:17:46","guid":{"rendered":"https:\/\/initiative1903.de\/?page_id=16"},"modified":"2021-04-12T09:50:35","modified_gmt":"2021-04-12T09:50:35","slug":"darnksagung","status":"publish","type":"page","link":"https:\/\/initiative1903.de\/?page_id=16","title":{"rendered":"Bisherige Projektpartner"},"content":{"rendered":"\n<p><\/p>\n\n\n\n<p>Zu unseren bisherigen Projektpartnern z\u00e4hlen u.a. folgende Clubs und Verb\u00e4nde, bei denen wir uns f\u00fcr die teils jahrelange Kooperation herzlichst bedanken m\u00f6chten:<\/p>\n\n\n\n<ul class=\"wp-block-list\"><li>Innenministerium des Landes Baden-W\u00fcrttemberg<\/li><li>Deutscher Fu\u00dfball-Bund e.V. \/ DFB-Kulturstiftung<\/li><li>Initiative &#8222;Nie wieder!&#8220;<\/li><li>SV Darmstadt 98<\/li><li>Young Boys Bern<\/li><li>FC Hakoah Z\u00fcrich<\/li><li>First Vienna FC 1894<\/li><li>DFC Prag<\/li><li>Kickers Fanmuseum, Offenbach<\/li><li>Altonaer FC von 1893<\/li><li>SC Victoria Hamburg<\/li><li>TuS 1860 Magdeburg Neustadt<\/li><li>Rotation Leipzig<\/li><li>1. FC Lokomotive Leipzig<\/li><li>Karlsruher FV von 1891<\/li><li>Berliner SV von 1892<\/li><\/ul>\n\n\n\n<figure class=\"wp-block-image size-large is-style-default\"><img loading=\"lazy\" decoding=\"async\" width=\"1024\" height=\"344\" src=\"https:\/\/initiative1903.de\/wp-content\/uploads\/2021\/04\/Partner-1024x344.png\" alt=\"\" class=\"wp-image-70\" srcset=\"https:\/\/initiative1903.de\/wp-content\/uploads\/2021\/04\/Partner-1024x344.png 1024w, https:\/\/initiative1903.de\/wp-content\/uploads\/2021\/04\/Partner-300x101.png 300w, https:\/\/initiative1903.de\/wp-content\/uploads\/2021\/04\/Partner-768x258.png 768w, https:\/\/initiative1903.de\/wp-content\/uploads\/2021\/04\/Partner.png 1183w\" sizes=\"auto, (max-width: 1024px) 100vw, 1024px\" \/><\/figure>\n\n\n\n<p><\/p>\n","protected":false},"excerpt":{"rendered":"<p>Zu unseren bisherigen Projektpartnern z\u00e4hlen u.a. folgende Clubs und Verb\u00e4nde, bei denen wir uns f\u00fcr die teils jahrelange Kooperation herzlichst&hellip;<\/p>\n","protected":false},"author":1,"featured_media":0,"parent":0,"menu_order":0,"comment_status":"closed","ping_status":"closed","template":"","meta":{"footnotes":""},"class_list":["post-16","page","type-page","status-publish","hentry"],"yoast_head":"<!-- This site is optimized with the Yoast SEO plugin v26.6 - https:\/\/yoast.com\/wordpress\/plugins\/seo\/ -->\n<title>Bisherige Projektpartner - Initiative 1903 e.V. - gelebte Fu\u00dfballtradition<\/title>\n<meta name=\"robots\" content=\"index, follow, max-snippet:-1, max-image-preview:large, max-video-preview:-1\" \/>\n<link rel=\"canonical\" href=\"https:\/\/initiative1903.de\/?page_id=16\" \/>\n<meta property=\"og:locale\" content=\"de_DE\" \/>\n<meta property=\"og:type\" content=\"article\" \/>\n<meta property=\"og:title\" content=\"Bisherige Projektpartner - Initiative 1903 e.V. - gelebte Fu\u00dfballtradition\" \/>\n<meta property=\"og:description\" content=\"Zu unseren bisherigen Projektpartnern z\u00e4hlen u.a. folgende Clubs und Verb\u00e4nde, bei denen wir uns f\u00fcr die teils jahrelange Kooperation herzlichst&hellip;\" \/>\n<meta property=\"og:url\" content=\"https:\/\/initiative1903.de\/?page_id=16\" \/>\n<meta property=\"og:site_name\" content=\"Initiative 1903 e.V. - gelebte Fu\u00dfballtradition\" \/>\n<meta property=\"article:modified_time\" content=\"2021-04-12T09:50:35+00:00\" \/>\n<meta property=\"og:image\" content=\"https:\/\/initiative1903.de\/wp-content\/uploads\/2021\/04\/Partner.png\" \/>\n\t<meta property=\"og:image:width\" content=\"1183\" \/>\n\t<meta property=\"og:image:height\" content=\"397\" \/>\n\t<meta property=\"og:image:type\" content=\"image\/png\" \/>\n<meta name=\"twitter:card\" content=\"summary_large_image\" \/>\n<script type=\"application\/ld+json\" class=\"yoast-schema-graph\">{\"@context\":\"https:\/\/schema.org\",\"@graph\":[{\"@type\":\"WebPage\",\"@id\":\"https:\/\/initiative1903.de\/?page_id=16\",\"url\":\"https:\/\/initiative1903.de\/?page_id=16\",\"name\":\"Bisherige Projektpartner - Initiative 1903 e.V. - gelebte Fu\u00dfballtradition\",\"isPartOf\":{\"@id\":\"https:\/\/initiative1903.de\/#website\"},\"primaryImageOfPage\":{\"@id\":\"https:\/\/initiative1903.de\/?page_id=16#primaryimage\"},\"image\":{\"@id\":\"https:\/\/initiative1903.de\/?page_id=16#primaryimage\"},\"thumbnailUrl\":\"https:\/\/initiative1903.de\/wp-content\/uploads\/2021\/04\/Partner-1024x344.png\",\"datePublished\":\"2021-03-25T21:17:46+00:00\",\"dateModified\":\"2021-04-12T09:50:35+00:00\",\"breadcrumb\":{\"@id\":\"https:\/\/initiative1903.de\/?page_id=16#breadcrumb\"},\"inLanguage\":\"de\",\"potentialAction\":[{\"@type\":\"ReadAction\",\"target\":[\"https:\/\/initiative1903.de\/?page_id=16\"]}]},{\"@type\":\"ImageObject\",\"inLanguage\":\"de\",\"@id\":\"https:\/\/initiative1903.de\/?page_id=16#primaryimage\",\"url\":\"https:\/\/initiative1903.de\/wp-content\/uploads\/2021\/04\/Partner.png\",\"contentUrl\":\"https:\/\/initiative1903.de\/wp-content\/uploads\/2021\/04\/Partner.png\",\"width\":1183,\"height\":397},{\"@type\":\"BreadcrumbList\",\"@id\":\"https:\/\/initiative1903.de\/?page_id=16#breadcrumb\",\"itemListElement\":[{\"@type\":\"ListItem\",\"position\":1,\"name\":\"Start\",\"item\":\"https:\/\/initiative1903.de\/\"},{\"@type\":\"ListItem\",\"position\":2,\"name\":\"Bisherige Projektpartner\"}]},{\"@type\":\"WebSite\",\"@id\":\"https:\/\/initiative1903.de\/#website\",\"url\":\"https:\/\/initiative1903.de\/\",\"name\":\"Initiative 1903 e.V. - gelebte Fu\u00dfballtradition\",\"description\":\"100% Traditionspflege - 100% Leidenschaft - 100% Ehrenamt\",\"publisher\":{\"@id\":\"https:\/\/initiative1903.de\/#organization\"},\"potentialAction\":[{\"@type\":\"SearchAction\",\"target\":{\"@type\":\"EntryPoint\",\"urlTemplate\":\"https:\/\/initiative1903.de\/?s={search_term_string}\"},\"query-input\":{\"@type\":\"PropertyValueSpecification\",\"valueRequired\":true,\"valueName\":\"search_term_string\"}}],\"inLanguage\":\"de\"},{\"@type\":\"Organization\",\"@id\":\"https:\/\/initiative1903.de\/#organization\",\"name\":\"Initiative 1903 e.V. - gelebte Fu\u00dfballtradition\",\"url\":\"https:\/\/initiative1903.de\/\",\"logo\":{\"@type\":\"ImageObject\",\"inLanguage\":\"de\",\"@id\":\"https:\/\/initiative1903.de\/#\/schema\/logo\/image\/\",\"url\":\"https:\/\/initiative1903.de\/wp-content\/uploads\/2021\/04\/Header-neu.png\",\"contentUrl\":\"https:\/\/initiative1903.de\/wp-content\/uploads\/2021\/04\/Header-neu.png\",\"width\":787,\"height\":123,\"caption\":\"Initiative 1903 e.V. - gelebte Fu\u00dfballtradition\"},\"image\":{\"@id\":\"https:\/\/initiative1903.de\/#\/schema\/logo\/image\/\"}}]}<\/script>\n<!-- \/ Yoast SEO plugin. -->","yoast_head_json":{"title":"Bisherige Projektpartner - Initiative 1903 e.V. - gelebte Fu\u00dfballtradition","robots":{"index":"index","follow":"follow","max-snippet":"max-snippet:-1","max-image-preview":"max-image-preview:large","max-video-preview":"max-video-preview:-1"},"canonical":"https:\/\/initiative1903.de\/?page_id=16","og_locale":"de_DE","og_type":"article","og_title":"Bisherige Projektpartner - Initiative 1903 e.V. - gelebte Fu\u00dfballtradition","og_description":"Zu unseren bisherigen Projektpartnern z\u00e4hlen u.a. folgende Clubs und Verb\u00e4nde, bei denen wir uns f\u00fcr die teils jahrelange Kooperation herzlichst&hellip;","og_url":"https:\/\/initiative1903.de\/?page_id=16","og_site_name":"Initiative 1903 e.V. - gelebte Fu\u00dfballtradition","article_modified_time":"2021-04-12T09:50:35+00:00","og_image":[{"width":1183,"height":397,"url":"https:\/\/initiative1903.de\/wp-content\/uploads\/2021\/04\/Partner.png","type":"image\/png"}],"twitter_card":"summary_large_image","schema":{"@context":"https:\/\/schema.org","@graph":[{"@type":"WebPage","@id":"https:\/\/initiative1903.de\/?page_id=16","url":"https:\/\/initiative1903.de\/?page_id=16","name":"Bisherige Projektpartner - Initiative 1903 e.V. - gelebte Fu\u00dfballtradition","isPartOf":{"@id":"https:\/\/initiative1903.de\/#website"},"primaryImageOfPage":{"@id":"https:\/\/initiative1903.de\/?page_id=16#primaryimage"},"image":{"@id":"https:\/\/initiative1903.de\/?page_id=16#primaryimage"},"thumbnailUrl":"https:\/\/initiative1903.de\/wp-content\/uploads\/2021\/04\/Partner-1024x344.png","datePublished":"2021-03-25T21:17:46+00:00","dateModified":"2021-04-12T09:50:35+00:00","breadcrumb":{"@id":"https:\/\/initiative1903.de\/?page_id=16#breadcrumb"},"inLanguage":"de","potentialAction":[{"@type":"ReadAction","target":["https:\/\/initiative1903.de\/?page_id=16"]}]},{"@type":"ImageObject","inLanguage":"de","@id":"https:\/\/initiative1903.de\/?page_id=16#primaryimage","url":"https:\/\/initiative1903.de\/wp-content\/uploads\/2021\/04\/Partner.png","contentUrl":"https:\/\/initiative1903.de\/wp-content\/uploads\/2021\/04\/Partner.png","width":1183,"height":397},{"@type":"BreadcrumbList","@id":"https:\/\/initiative1903.de\/?page_id=16#breadcrumb","itemListElement":[{"@type":"ListItem","position":1,"name":"Start","item":"https:\/\/initiative1903.de\/"},{"@type":"ListItem","position":2,"name":"Bisherige Projektpartner"}]},{"@type":"WebSite","@id":"https:\/\/initiative1903.de\/#website","url":"https:\/\/initiative1903.de\/","name":"Initiative 1903 e.V. - gelebte Fu\u00dfballtradition","description":"100% Traditionspflege - 100% Leidenschaft - 100% Ehrenamt","publisher":{"@id":"https:\/\/initiative1903.de\/#organization"},"potentialAction":[{"@type":"SearchAction","target":{"@type":"EntryPoint","urlTemplate":"https:\/\/initiative1903.de\/?s={search_term_string}"},"query-input":{"@type":"PropertyValueSpecification","valueRequired":true,"valueName":"search_term_string"}}],"inLanguage":"de"},{"@type":"Organization","@id":"https:\/\/initiative1903.de\/#organization","name":"Initiative 1903 e.V. - gelebte Fu\u00dfballtradition","url":"https:\/\/initiative1903.de\/","logo":{"@type":"ImageObject","inLanguage":"de","@id":"https:\/\/initiative1903.de\/#\/schema\/logo\/image\/","url":"https:\/\/initiative1903.de\/wp-content\/uploads\/2021\/04\/Header-neu.png","contentUrl":"https:\/\/initiative1903.de\/wp-content\/uploads\/2021\/04\/Header-neu.png","width":787,"height":123,"caption":"Initiative 1903 e.V. - gelebte Fu\u00dfballtradition"},"image":{"@id":"https:\/\/initiative1903.de\/#\/schema\/logo\/image\/"}}]}},"jetpack_sharing_enabled":true,"_links":{"self":[{"href":"https:\/\/initiative1903.de\/index.php?rest_route=\/wp\/v2\/pages\/16","targetHints":{"allow":["GET"]}}],"collection":[{"href":"https:\/\/initiative1903.de\/index.php?rest_route=\/wp\/v2\/pages"}],"about":[{"href":"https:\/\/initiative1903.de\/index.php?rest_route=\/wp\/v2\/types\/page"}],"author":[{"embeddable":true,"href":"https:\/\/initiative1903.de\/index.php?rest_route=\/wp\/v2\/users\/1"}],"replies":[{"embeddable":true,"href":"https:\/\/initiative1903.de\/index.php?rest_route=%2Fwp%2Fv2%2Fcomments&post=16"}],"version-history":[{"count":5,"href":"https:\/\/initiative1903.de\/index.php?rest_route=\/wp\/v2\/pages\/16\/revisions"}],"predecessor-version":[{"id":356,"href":"https:\/\/initiative1903.de\/index.php?rest_route=\/wp\/v2\/pages\/16\/revisions\/356"}],"wp:attachment":[{"href":"https:\/\/initiative1903.de\/index.php?rest_route=%2Fwp%2Fv2%2Fmedia&parent=16"}],"curies":[{"name":"wp","href":"https:\/\/api.w.org\/{rel}","templated":true}]}}